{"id":8988,"date":"2024-11-22T10:31:31","date_gmt":"2024-11-22T09:31:31","guid":{"rendered":"https:\/\/tugendetogether.org\/datenschutzbestimmungen\/"},"modified":"2026-04-25T11:47:55","modified_gmt":"2026-04-25T09:47:55","slug":"datenschutzbestimmungen","status":"publish","type":"page","link":"https:\/\/tugendetogether.org\/de\/datenschutzbestimmungen\/","title":{"rendered":"Datenschutzbestimmungen"},"content":{"rendered":"\t\t<div data-elementor-type=\"wp-page\" data-elementor-id=\"8988\" class=\"elementor elementor-8988 elementor-8537\">\n\t\t\t\t<div class=\"elementor-element elementor-element-583e200 e-flex e-con-boxed e-con e-parent\" data-id=\"583e200\" data-element_type=\"container\">\n\t\t\t\t\t<div class=\"e-con-inner\">\n\t\t\t\t<div class=\"elementor-element elementor-element-8180df5 elementor-widget elementor-widget-text-editor\" data-id=\"8180df5\" data-element_type=\"widget\" data-widget_type=\"text-editor.default\">\n\t\t\t\t<div class=\"elementor-widget-container\">\n\t\t\t\t\t\t\t\t\t<p>Offenlegung gem\u00e4\u00df \u00a7 5 Absatz 1 des \u00f6sterreichischen E-Commerce-Gesetzes<\/p><h4><span style=\"color: #ff9900;\">Medieninhaber dieser Website<\/span><\/h4><p>Tugende Together<br>Vorsitzende: Verena Lackmaier<br>Daniel Swarovski Stra\u00dfe 57a<br>6067 Absam, \u00d6sterreich<br>ZVR: 591547437<\/p><p>Tel: +43 (0)677 \/ 61 66 60 37<\/p><p><strong><span style=\"color: #ff9900;\">Haftung f\u00fcr Inhalte<\/span><\/strong><\/p><p>Als Diensteanbieter sind wir f\u00fcr eigene Inhalte auf diesen Seiten nach den allgemeinen Gesetzen verantwortlich. Als Dienstanbieter sind wir jedoch nicht verpflichtet, \u00fcbermittelte oder gespeicherte fremde Informationen zu \u00fcberwachen oder nach Umst\u00e4nden zu forschen, die auf eine rechtswidrige T\u00e4tigkeit hinweisen.<\/p><p>Verpflichtungen zur Entfernung oder Sperrung der Nutzung von Informationen nach den allgemeinen Gesetzen bleiben hiervon unber\u00fchrt. In diesem Fall ist eine Haftung erst ab dem Zeitpunkt der Kenntnis einer konkreten Rechtsverletzung m\u00f6glich. Bei Bekanntwerden von entsprechenden Rechtsverletzungen werden wir diese Inhalte umgehend entfernen.<\/p><p><span style=\"color: #ff9900;\"><strong>Haftung f\u00fcr Links<\/strong><\/span><\/p><p>Unser Angebot enth\u00e4lt Links zu externen Webseiten Dritter, auf deren Inhalte wir keinen Einfluss haben. Wir k\u00f6nnen daher keine Haftung f\u00fcr diese externen Inhalte \u00fcbernehmen. F\u00fcr die Inhalte der verlinkten Seiten ist stets der jeweilige Anbieter oder Betreiber der Seiten verantwortlich. Die verlinkten Seiten wurden zum Zeitpunkt der Verlinkung auf m\u00f6gliche Rechtsverst\u00f6\u00dfe \u00fcberpr\u00fcft. Rechtswidrige Inhalte waren zum Zeitpunkt der Verlinkung nicht erkennbar.<\/p><p>Eine permanente inhaltliche Kontrolle der verlinkten Seiten ist jedoch ohne konkrete Anhaltspunkte einer Rechtsverletzung nicht zumutbar. Bei Bekanntwerden von Rechtsverletzungen werden wir derartige Links umgehend entfernen.<\/p><p><span style=\"color: #ff9900;\"><strong>Copyright<\/strong><\/span><\/p><p>Die durch die Seitenbetreiber erstellten Inhalte und Werke auf diesen Seiten unterliegen dem deutschen Urheberrecht. Die Vervielf\u00e4ltigung, Bearbeitung, Verbreitung und jede Art der Verwertung au\u00dferhalb der Grenzen des Urheberrechtes bed\u00fcrfen der schriftlichen Zustimmung des jeweiligen Autors bzw. Erstellers. Downloads und Kopien dieser Seite sind nur f\u00fcr den privaten, nicht kommerziellen Gebrauch gestattet.<\/p><p>Soweit die Inhalte auf dieser Seite nicht vom Betreiber erstellt wurden, werden die Urheberrechte Dritter beachtet. Insbesondere werden Inhalte Dritter als solche gekennzeichnet. Sollten Sie dennoch auf eine Urheberrechtsverletzung aufmerksam werden, bitten wir Sie, uns dies mitzuteilen. Bei Bekanntwerden von Rechtsverletzungen werden wir derartige Inhalte umgehend entfernen.<\/p><p><strong><span style=\"color: #ff9900;\">Informationen<\/span><\/strong><\/p><p><br>Aus rechtlichen Gr\u00fcnden in \u00d6sterreich sind wir verpflichtet, Details zu ver\u00f6ffentlichen. Weitere Informationen entnehmen Sie bitte der deutschen Version.<\/p><p><strong><span style=\"color: #ff9900;\">Kontaktangaben<\/span><\/strong><\/p><p>Tugende Together<br>Vorsitzender: Manuel Lackmaier<br>Daniel Swarovski Stra\u00dfe 57a<br>6067 Absam, \u00d6sterreich<br>Nummer des zentralen Vereinsregisters in \u00d6sterreich: 591547437<\/p><p>Telefon: +43 (0)677 \/ 61 66 60 37<\/p>\t\t\t\t\t\t\t\t<\/div>\n\t\t\t\t<\/div>\n\t\t\t\t\t<\/div>\n\t\t\t\t<\/div>\n\t\t\t\t<\/div>\n\t\t","protected":false},"excerpt":{"rendered":"<p>Offenlegung gem\u00e4\u00df \u00a7 5 Absatz 1 des \u00f6sterreichischen E-Commerce-Gesetzes Medieninhaber dieser Website Tugende TogetherVorsitzende: Verena LackmaierDaniel Swarovski Stra\u00dfe 57a6067 Absam, \u00d6sterreichZVR: 591547437 Tel: +43 (0)677 \/ 61 66 60 37 Haftung f\u00fcr Inhalte Als Diensteanbieter sind wir f\u00fcr eigene Inhalte auf diesen Seiten nach den allgemeinen Gesetzen verantwortlich. Als Dienstanbieter sind wir jedoch nicht verpflichtet, [&hellip;]<\/p>\n","protected":false},"author":1,"featured_media":0,"parent":0,"menu_order":0,"comment_status":"closed","ping_status":"closed","template":"template-homepage.php","meta":{"footnotes":""},"class_list":["post-8988","page","type-page","status-publish","hentry"],"yoast_head":"<!-- This site is optimized with the Yoast SEO plugin v26.4 - https:\/\/yoast.com\/wordpress\/plugins\/seo\/ -->\n<title>Datenschutzbestimmungen - Tugende Together<\/title>\n<meta name=\"robots\" content=\"index, follow, max-snippet:-1, max-image-preview:large, max-video-preview:-1\" \/>\n<link rel=\"canonical\" href=\"https:\/\/tugendetogether.org\/privacy-policy\/\" \/>\n<meta property=\"og:locale\" content=\"de_DE\" \/>\n<meta property=\"og:type\" content=\"article\" \/>\n<meta property=\"og:title\" content=\"Datenschutzbestimmungen - Tugende Together\" \/>\n<meta property=\"og:description\" content=\"Offenlegung gem\u00e4\u00df \u00a7 5 Absatz 1 des \u00f6sterreichischen E-Commerce-Gesetzes Medieninhaber dieser Website Tugende TogetherVorsitzende: Verena LackmaierDaniel Swarovski Stra\u00dfe 57a6067 Absam, \u00d6sterreichZVR: 591547437 Tel: +43 (0)677 \/ 61 66 60 37 Haftung f\u00fcr Inhalte Als Diensteanbieter sind wir f\u00fcr eigene Inhalte auf diesen Seiten nach den allgemeinen Gesetzen verantwortlich. Als Dienstanbieter sind wir jedoch nicht verpflichtet, [&hellip;]\" \/>\n<meta property=\"og:url\" content=\"https:\/\/tugendetogether.org\/privacy-policy\/\" \/>\n<meta property=\"og:site_name\" content=\"Tugende Together\" \/>\n<meta property=\"article:publisher\" content=\"https:\/\/www.facebook.com\/tugendetogether\" \/>\n<meta property=\"article:modified_time\" content=\"2026-04-25T09:47:55+00:00\" \/>\n<meta name=\"twitter:card\" content=\"summary_large_image\" \/>\n<meta name=\"twitter:label1\" content=\"Gesch\u00e4tzte Lesezeit\" \/>\n\t<meta name=\"twitter:data1\" content=\"2\u00a0Minuten\" \/>\n<script type=\"application\/ld+json\" class=\"yoast-schema-graph\">{\"@context\":\"https:\/\/schema.org\",\"@graph\":[{\"@type\":\"WebPage\",\"@id\":\"https:\/\/tugendetogether.org\/privacy-policy\/\",\"url\":\"https:\/\/tugendetogether.org\/privacy-policy\/\",\"name\":\"Datenschutzbestimmungen - Tugende Together\",\"isPartOf\":{\"@id\":\"https:\/\/tugendetogether.org\/#website\"},\"datePublished\":\"2024-11-22T09:31:31+00:00\",\"dateModified\":\"2026-04-25T09:47:55+00:00\",\"breadcrumb\":{\"@id\":\"https:\/\/tugendetogether.org\/privacy-policy\/#breadcrumb\"},\"inLanguage\":\"de\",\"potentialAction\":[{\"@type\":\"ReadAction\",\"target\":[\"https:\/\/tugendetogether.org\/privacy-policy\/\"]}]},{\"@type\":\"BreadcrumbList\",\"@id\":\"https:\/\/tugendetogether.org\/privacy-policy\/#breadcrumb\",\"itemListElement\":[{\"@type\":\"ListItem\",\"position\":1,\"name\":\"Home\",\"item\":\"https:\/\/tugendetogether.org\/\"},{\"@type\":\"ListItem\",\"position\":2,\"name\":\"Datenschutzbestimmungen\"}]},{\"@type\":\"WebSite\",\"@id\":\"https:\/\/tugendetogether.org\/#website\",\"url\":\"https:\/\/tugendetogether.org\/\",\"name\":\"Tugende Together\",\"description\":\"Non Profits and Charity\",\"publisher\":{\"@id\":\"https:\/\/tugendetogether.org\/#organization\"},\"potentialAction\":[{\"@type\":\"SearchAction\",\"target\":{\"@type\":\"EntryPoint\",\"urlTemplate\":\"https:\/\/tugendetogether.org\/?s={search_term_string}\"},\"query-input\":{\"@type\":\"PropertyValueSpecification\",\"valueRequired\":true,\"valueName\":\"search_term_string\"}}],\"inLanguage\":\"de\"},{\"@type\":\"Organization\",\"@id\":\"https:\/\/tugendetogether.org\/#organization\",\"name\":\"Tugende Together\",\"url\":\"https:\/\/tugendetogether.org\/\",\"logo\":{\"@type\":\"ImageObject\",\"inLanguage\":\"de\",\"@id\":\"https:\/\/tugendetogether.org\/#\/schema\/logo\/image\/\",\"url\":\"https:\/\/tugendetogether.org\/wp-content\/uploads\/2024\/11\/tugende-together_logo_final_rgb_color-01.svg\",\"contentUrl\":\"https:\/\/tugendetogether.org\/wp-content\/uploads\/2024\/11\/tugende-together_logo_final_rgb_color-01.svg\",\"width\":202,\"height\":78,\"caption\":\"Tugende Together\"},\"image\":{\"@id\":\"https:\/\/tugendetogether.org\/#\/schema\/logo\/image\/\"},\"sameAs\":[\"https:\/\/www.facebook.com\/tugendetogether\",\"https:\/\/www.instagram.com\/tugendetogether\/\",\"https:\/\/www.youtube.com\/@tugendetogether6178\"]}]}<\/script>\n<!-- \/ Yoast SEO plugin. -->","yoast_head_json":{"title":"Datenschutzbestimmungen - Tugende Together","robots":{"index":"index","follow":"follow","max-snippet":"max-snippet:-1","max-image-preview":"max-image-preview:large","max-video-preview":"max-video-preview:-1"},"canonical":"https:\/\/tugendetogether.org\/privacy-policy\/","og_locale":"de_DE","og_type":"article","og_title":"Datenschutzbestimmungen - Tugende Together","og_description":"Offenlegung gem\u00e4\u00df \u00a7 5 Absatz 1 des \u00f6sterreichischen E-Commerce-Gesetzes Medieninhaber dieser Website Tugende TogetherVorsitzende: Verena LackmaierDaniel Swarovski Stra\u00dfe 57a6067 Absam, \u00d6sterreichZVR: 591547437 Tel: +43 (0)677 \/ 61 66 60 37 Haftung f\u00fcr Inhalte Als Diensteanbieter sind wir f\u00fcr eigene Inhalte auf diesen Seiten nach den allgemeinen Gesetzen verantwortlich. Als Dienstanbieter sind wir jedoch nicht verpflichtet, [&hellip;]","og_url":"https:\/\/tugendetogether.org\/privacy-policy\/","og_site_name":"Tugende Together","article_publisher":"https:\/\/www.facebook.com\/tugendetogether","article_modified_time":"2026-04-25T09:47:55+00:00","twitter_card":"summary_large_image","twitter_misc":{"Gesch\u00e4tzte Lesezeit":"2\u00a0Minuten"},"schema":{"@context":"https:\/\/schema.org","@graph":[{"@type":"WebPage","@id":"https:\/\/tugendetogether.org\/privacy-policy\/","url":"https:\/\/tugendetogether.org\/privacy-policy\/","name":"Datenschutzbestimmungen - Tugende Together","isPartOf":{"@id":"https:\/\/tugendetogether.org\/#website"},"datePublished":"2024-11-22T09:31:31+00:00","dateModified":"2026-04-25T09:47:55+00:00","breadcrumb":{"@id":"https:\/\/tugendetogether.org\/privacy-policy\/#breadcrumb"},"inLanguage":"de","potentialAction":[{"@type":"ReadAction","target":["https:\/\/tugendetogether.org\/privacy-policy\/"]}]},{"@type":"BreadcrumbList","@id":"https:\/\/tugendetogether.org\/privacy-policy\/#breadcrumb","itemListElement":[{"@type":"ListItem","position":1,"name":"Home","item":"https:\/\/tugendetogether.org\/"},{"@type":"ListItem","position":2,"name":"Datenschutzbestimmungen"}]},{"@type":"WebSite","@id":"https:\/\/tugendetogether.org\/#website","url":"https:\/\/tugendetogether.org\/","name":"Tugende Together","description":"Non Profits and Charity","publisher":{"@id":"https:\/\/tugendetogether.org\/#organization"},"potentialAction":[{"@type":"SearchAction","target":{"@type":"EntryPoint","urlTemplate":"https:\/\/tugendetogether.org\/?s={search_term_string}"},"query-input":{"@type":"PropertyValueSpecification","valueRequired":true,"valueName":"search_term_string"}}],"inLanguage":"de"},{"@type":"Organization","@id":"https:\/\/tugendetogether.org\/#organization","name":"Tugende Together","url":"https:\/\/tugendetogether.org\/","logo":{"@type":"ImageObject","inLanguage":"de","@id":"https:\/\/tugendetogether.org\/#\/schema\/logo\/image\/","url":"https:\/\/tugendetogether.org\/wp-content\/uploads\/2024\/11\/tugende-together_logo_final_rgb_color-01.svg","contentUrl":"https:\/\/tugendetogether.org\/wp-content\/uploads\/2024\/11\/tugende-together_logo_final_rgb_color-01.svg","width":202,"height":78,"caption":"Tugende Together"},"image":{"@id":"https:\/\/tugendetogether.org\/#\/schema\/logo\/image\/"},"sameAs":["https:\/\/www.facebook.com\/tugendetogether","https:\/\/www.instagram.com\/tugendetogether\/","https:\/\/www.youtube.com\/@tugendetogether6178"]}]}},"jetpack_sharing_enabled":true,"_links":{"self":[{"href":"https:\/\/tugendetogether.org\/de\/wp-json\/wp\/v2\/pages\/8988","targetHints":{"allow":["GET"]}}],"collection":[{"href":"https:\/\/tugendetogether.org\/de\/wp-json\/wp\/v2\/pages"}],"about":[{"href":"https:\/\/tugendetogether.org\/de\/wp-json\/wp\/v2\/types\/page"}],"author":[{"embeddable":true,"href":"https:\/\/tugendetogether.org\/de\/wp-json\/wp\/v2\/users\/1"}],"replies":[{"embeddable":true,"href":"https:\/\/tugendetogether.org\/de\/wp-json\/wp\/v2\/comments?post=8988"}],"version-history":[{"count":2,"href":"https:\/\/tugendetogether.org\/de\/wp-json\/wp\/v2\/pages\/8988\/revisions"}],"predecessor-version":[{"id":9787,"href":"https:\/\/tugendetogether.org\/de\/wp-json\/wp\/v2\/pages\/8988\/revisions\/9787"}],"wp:attachment":[{"href":"https:\/\/tugendetogether.org\/de\/wp-json\/wp\/v2\/media?parent=8988"}],"curies":[{"name":"wp","href":"https:\/\/api.w.org\/{rel}","templated":true}]}}

<div data-elementor-type="wp-page" data-elementor-id="8988" class="elementor elementor-8988 elementor-8537">
				<div class="elementor-element elementor-element-583e200 e-flex e-con-boxed e-con e-parent" data-id="583e200" data-element_type="container">
					<div class="e-con-inner">
				<div class="elementor-element elementor-element-8180df5 elementor-widget elementor-widget-text-editor" data-id="8180df5" data-element_type="widget" data-widget_type="text-editor.default">
				<div class="elementor-widget-container">
									<p>Offenlegung gemäß § 5 Absatz 1 des österreichischen E-Commerce-Gesetzes</p><h4><span style="color: #ff9900;">Medieninhaber dieser Website</span></h4><p>Tugende Together<br>Vorsitzende: Verena Lackmaier<br>Daniel Swarovski Straße 57a<br>6067 Absam, Österreich<br>ZVR: 591547437</p><p>Tel: +43 (0)677 / 61 66 60 37</p><p><strong><span style="color: #ff9900;">Haftung für Inhalte</span></strong></p><p>Als Diensteanbieter sind wir für eigene Inhalte auf diesen Seiten nach den allgemeinen Gesetzen verantwortlich. Als Dienstanbieter sind wir jedoch nicht verpflichtet, übermittelte oder gespeicherte fremde Informationen zu überwachen oder nach Umständen zu forschen, die auf eine rechtswidrige Tätigkeit hinweisen.</p><p>Verpflichtungen zur Entfernung oder Sperrung der Nutzung von Informationen nach den allgemeinen Gesetzen bleiben hiervon unberührt. In diesem Fall ist eine Haftung erst ab dem Zeitpunkt der Kenntnis einer konkreten Rechtsverletzung möglich. Bei Bekanntwerden von entsprechenden Rechtsverletzungen werden wir diese Inhalte umgehend entfernen.</p><p><span style="color: #ff9900;"><strong>Haftung für Links</strong></span></p><p>Unser Angebot enthält Links zu externen Webseiten Dritter, auf deren Inhalte wir keinen Einfluss haben. Wir können daher keine Haftung für diese externen Inhalte übernehmen. Für die Inhalte der verlinkten Seiten ist stets der jeweilige Anbieter oder Betreiber der Seiten verantwortlich. Die verlinkten Seiten wurden zum Zeitpunkt der Verlinkung auf mögliche Rechtsverstöße überprüft. Rechtswidrige Inhalte waren zum Zeitpunkt der Verlinkung nicht erkennbar.</p><p>Eine permanente inhaltliche Kontrolle der verlinkten Seiten ist jedoch ohne konkrete Anhaltspunkte einer Rechtsverletzung nicht zumutbar. Bei Bekanntwerden von Rechtsverletzungen werden wir derartige Links umgehend entfernen.</p><p><span style="color: #ff9900;"><strong>Copyright</strong></span></p><p>Die durch die Seitenbetreiber erstellten Inhalte und Werke auf diesen Seiten unterliegen dem deutschen Urheberrecht. Die Vervielfältigung, Bearbeitung, Verbreitung und jede Art der Verwertung außerhalb der Grenzen des Urheberrechtes bedürfen der schriftlichen Zustimmung des jeweiligen Autors bzw. Erstellers. Downloads und Kopien dieser Seite sind nur für den privaten, nicht kommerziellen Gebrauch gestattet.</p><p>Soweit die Inhalte auf dieser Seite nicht vom Betreiber erstellt wurden, werden die Urheberrechte Dritter beachtet. Insbesondere werden Inhalte Dritter als solche gekennzeichnet. Sollten Sie dennoch auf eine Urheberrechtsverletzung aufmerksam werden, bitten wir Sie, uns dies mitzuteilen. Bei Bekanntwerden von Rechtsverletzungen werden wir derartige Inhalte umgehend entfernen.</p><p><strong><span style="color: #ff9900;">Informationen</span></strong></p><p><br>Aus rechtlichen Gründen in Österreich sind wir verpflichtet, Details zu veröffentlichen. Weitere Informationen entnehmen Sie bitte der deutschen Version.</p><p><strong><span style="color: #ff9900;">Kontaktangaben</span></strong></p><p>Tugende Together<br>Vorsitzender: Manuel Lackmaier<br>Daniel Swarovski Straße 57a<br>6067 Absam, Österreich<br>Nummer des zentralen Vereinsregisters in Österreich: 591547437</p><p>Telefon: +43 (0)677 / 61 66 60 37</p>								</div>
				</div>
					</div>
				</div>
				</div>

<p>Offenlegung gemäß § 5 Absatz 1 des österreichischen E-Commerce-Gesetzes Medieninhaber dieser Website Tugende TogetherVorsitzende: Verena LackmaierDaniel Swarovski Straße 57a6067 Absam, ÖsterreichZVR: 591547437 Tel: +43 (0)677 / 61 66 60 37 Haftung für Inhalte Als Diensteanbieter sind wir für eigene Inhalte auf diesen Seiten nach den allgemeinen Gesetzen verantwortlich. Als Dienstanbieter sind wir jedoch nicht verpflichtet, [&hellip;]</p>

<!-- This site is optimized with the Yoast SEO plugin v26.4 - https://yoast.com/wordpress/plugins/seo/ -->
<title>Datenschutzbestimmungen - Tugende Together</title>
<meta name="robots" content="index, follow, max-snippet:-1, max-image-preview:large, max-video-preview:-1" />
<link rel="canonical" href="https://tugendetogether.org/privacy-policy/" />
<meta property="og:locale" content="de_DE" />
<meta property="og:type" content="article" />
<meta property="og:title" content="Datenschutzbestimmungen - Tugende Together" />
<meta property="og:description" content="Offenlegung gemäß § 5 Absatz 1 des österreichischen E-Commerce-Gesetzes Medieninhaber dieser Website Tugende TogetherVorsitzende: Verena LackmaierDaniel Swarovski Straße 57a6067 Absam, ÖsterreichZVR: 591547437 Tel: +43 (0)677 / 61 66 60 37 Haftung für Inhalte Als Diensteanbieter sind wir für eigene Inhalte auf diesen Seiten nach den allgemeinen Gesetzen verantwortlich. Als Dienstanbieter sind wir jedoch nicht verpflichtet, [&hellip;]" />
<meta property="og:url" content="https://tugendetogether.org/privacy-policy/" />
<meta property="og:site_name" content="Tugende Together" />
<meta property="article:publisher" content="https://www.facebook.com/tugendetogether" />
<meta property="article:modified_time" content="2026-04-25T09:47:55+00:00" />
<meta name="twitter:card" content="summary_large_image" />
<meta name="twitter:label1" content="Geschätzte Lesezeit" />
	<meta name="twitter:data1" content="2 Minuten" />
<script type="application/ld+json" class="yoast-schema-graph">{"@context":"https://schema.org","@graph":[{"@type":"WebPage","@id":"https://tugendetogether.org/privacy-policy/","url":"https://tugendetogether.org/privacy-policy/","name":"Datenschutzbestimmungen - Tugende Together","isPartOf":{"@id":"https://tugendetogether.org/#website"},"datePublished":"2024-11-22T09:31:31+00:00","dateModified":"2026-04-25T09:47:55+00:00","breadcrumb":{"@id":"https://tugendetogether.org/privacy-policy/#breadcrumb"},"inLanguage":"de","potentialAction":[{"@type":"ReadAction","target":["https://tugendetogether.org/privacy-policy/"]}]},{"@type":"BreadcrumbList","@id":"https://tugendetogether.org/privacy-policy/#breadcrumb","itemListElement":[{"@type":"ListItem","position":1,"name":"Home","item":"https://tugendetogether.org/"},{"@type":"ListItem","position":2,"name":"Datenschutzbestimmungen"}]},{"@type":"WebSite","@id":"https://tugendetogether.org/#website","url":"https://tugendetogether.org/","name":"Tugende Together","description":"Non Profits and Charity","publisher":{"@id":"https://tugendetogether.org/#organization"},"potentialAction":[{"@type":"SearchAction","target":{"@type":"EntryPoint","urlTemplate":"https://tugendetogether.org/?s={search_term_string}"},"query-input":{"@type":"PropertyValueSpecification","valueRequired":true,"valueName":"search_term_string"}}],"inLanguage":"de"},{"@type":"Organization","@id":"https://tugendetogether.org/#organization","name":"Tugende Together","url":"https://tugendetogether.org/","logo":{"@type":"ImageObject","inLanguage":"de","@id":"https://tugendetogether.org/#/schema/logo/image/","url":"https://tugendetogether.org/wp-content/uploads/2024/11/tugende-together_logo_final_rgb_color-01.svg","contentUrl":"https://tugendetogether.org/wp-content/uploads/2024/11/tugende-together_logo_final_rgb_color-01.svg","width":202,"height":78,"caption":"Tugende Together"},"image":{"@id":"https://tugendetogether.org/#/schema/logo/image/"},"sameAs":["https://www.facebook.com/tugendetogether","https://www.instagram.com/tugendetogether/","https://www.youtube.com/@tugendetogether6178"]}]}</script>
<!-- / Yoast SEO plugin. -->

Offenlegung gemäß § 5 Absatz 1 des österreichischen E-Commerce-Gesetzes Medieninhaber dieser Website Tugende TogetherVorsitzende: Verena LackmaierDaniel Swarovski Straße 57a6067 Absam, ÖsterreichZVR: 591547437 Tel: +43 (0)677 / 61 66 60 37 Haftung für Inhalte Als Diensteanbieter sind wir für eigene Inhalte auf diesen Seiten nach den allgemeinen Gesetzen verantwortlich. Als Dienstanbieter sind wir jedoch nicht verpflichtet, [&hellip;]
